Let r be 12/(-21) - k/(-35). Suppose -3*u = -r*a + 309, 2*a - 3*u = 2*u + 203. Calculate the greatest common divisor of 26 and a.
26
Let n(h) = -10*h**2 - 101*h - 213. Let u be n(-4). Calculate the highest common divisor of 42439 and u.
31
Suppose -88*y - 220 = -92*y. Let b be 82*5/(50/y). What is the greatest common factor of b and 11?
11
Suppose -119*l + 126*l = 14. Let r be l/(-9) - 209/(-9). Calculate the greatest common divisor of 46 and r.
23
Let c = 271 - 261. Calculate the greatest common divisor of c and 5105.
5
Let g = 515 - 498. Suppose x - 30 = g*o - 16*o, -90 = -3*x - 3*o. Calculate the greatest common factor of x and 6.
6
Let l(u) = -u**2 - 146*u + 1645. Let x be l(-145). What is the highest common divisor of x and 60?
10
Let n(v) = -2*v**2 - 20*v - 6. Let s = -23 - -21. Let d(o) = -o**2 + 3*o + 1. Let i be d(s). Let l be n(i). What is the greatest common factor of 132 and l?
12
Suppose 5*a = 5*u - 165, -5*u + 2*a + 84 = -84. Calculate the greatest common factor of u and 323.
17
Suppose 126 = -10*u + 206. What is the highest common divisor of 34 and u?
2
Suppose -w - 66 + 965 = 5*l, -2 = 2*w. Calculate the highest common factor of l and 828.
36
Suppose -64*v + 147308 = 50095 - 60611. Calculate the greatest common divisor of 1918 and v.
274
Let c = 14164 + -13939. Calculate the highest common divisor of 684 and c.
9
Suppose -5*u - 4*y + 164 = -u, 0 = y + 1. Let z(p) = -9*p - 141. Let v be z(-18). What is the highest common divisor of v and u?
21
Suppose 22*r - 18*r - 2 = 5*b, -5*r + 17 = b. Calculate the highest common factor of 5 and r.
1
Suppose -2*i = -6*i + 5*i - 99. What is the greatest common divisor of 561 and i?
33
Let o be 12/9*-3 + (1180 - (10 - -6)). Calculate the highest common divisor of 10 and o.
10
Let i be (372/10)/((-10)/25). Let d = 99 + i. Let t = -54 + 84. What is the highest common factor of d and t?
6
Let c(h) = h**3 + 3*h**2 - 49*h. Let w = 67 - 61. Let i be c(w). What is the greatest common factor of i and 160?
10
Suppose -2 = 3*s - 2*s. Let b be (33/(-55))/((2 + 2)/780). Let v be s - ((-2)/(-5) - b/(-5)). What is the highest common divisor of 105 and v?
21
Let q be -2 - (-658)/70*5. What is the highest common divisor of q and 207?
9
Let z = 12 - -8. Let r be ((-120758)/605)/(-2*(-1)/(-5)). Let j = r + -459. What is the highest common divisor of z and j?
20
Suppose 0 = 3*y - 5*h - 11280, -2*h - 7528 = -52*y + 50*y. What is the highest common factor of 145 and y?
145
Suppose -5*r + 77 = 3*v - 38, 0 = 4*v - 20. Let j(h) = -h**3 + 19*h**2 + 27*h - 5. Let i be j(r). Calculate the highest common divisor of i and 18.
9
Let k(o) = -198*o - 162. Let a be k(-51). Suppose 165*z = 181*z - a. What is the greatest common factor of z and 27?
27
Let q = 59 + -56. Let z be ((-35)/(-3))/(-7)*(-27)/15. What is the highest common divisor of q and z?
3
Let u(d) = 87*d - 49. Let i be u(2). Suppose -109*r + i*r = 560. Calculate the highest common divisor of 28 and r.
7
Suppose -34*m - 42*m = -191900. What is the greatest common divisor of m and 101?
101
Let n be (-10 + 13)*20 - 8. What is the greatest common divisor of 156 and n?
52
Let b = 5 - 3. Suppose -2 = -5*h + b*f, 5*f - 30 = -5*h - 0*f. Suppose 4*y = -4*d + 152, 112 = h*y + y + 2*d. What is the greatest common divisor of y and 90?
18
Suppose 5*x - 507 - 173 = 0. Let g = 640 - 376. Let m = g - x. What is the highest common divisor of m and 16?
16
Suppose -2495219 - 1216359 = -278*i. What is the highest common factor of i and 169?
169
Let n = -91 - -100. Suppose n = 3*h, 4*s = 5*h + 25 - 0. Calculate the highest common factor of s and 50.
10
Let p be (-1)/(((-4)/(-30))/(-2)). Let b be (-1512)/(-70) - 9/15. Let j(v) = 3*v**2 - 54*v - 24. Let k be j(b). Calculate the highest common divisor of k and p.
15
Let n = -11 - -35. Suppose -2*u - 109 + 569 = 0. Let j = 10 + u. What is the greatest common factor of j and n?
24
Let t be ((-54)/4 - -2 - (-24)/16)*-11. Let y = 3 - -2. Calculate the greatest common factor of y and t.
5
Let b = 330 + -147. Suppose -3*r = -n + 150 + b, 0 = -2*r. What is the highest common factor of n and 37?
37
Suppose 8*y - 7270 - 885 - 1061 = 0. Calculate the highest common factor of y and 108.
36
Let k = -12630 - -12635. What is the greatest common factor of k and 163?
1
Let s = 330 - 210. Suppose -10*u + 160 = -s. Calculate the greatest common factor of u and 658.
14
Let s(t) = -17*t - 341. Let y be s(-22). Calculate the highest common divisor of y and 93.
3
Let w be (0 - 2)*68/(-2). Let q(y) = -y + 14. Let a = -1669 - -1679. Let t be q(a). What is the highest common divisor of t and w?
4
Let q be (74/(-14) - 14/(-49))*-1. Suppose 235 = 4*k + q*h, -2*k - 3*h = -40 - 79. Calculate the highest common factor of 5 and k.
5
Suppose 5*o = -w - 9, -4*o - 6 = -2*w + 4. Let b be (-9)/(1/((w + -5)*1)). Calculate the highest common divisor of b and 12.
12
Suppose 0 = 3*y + 2*x - 77, -5*y - 44 = 4*x - 173. Let k be (13/(-2))/(y/(-150)). Calculate the greatest common factor of k and 39.
39
Let o(i) = -i**3 + 14*i**2 - 3*i - 9. Let p be o(8). Let w be 36/(-24)*(-50 + -4). What is the greatest common factor of w and p?
27
Let y(p) = 5*p**2 + 2*p + 6. Let c be 4/(-1 - (-1 - -2)). Let w be y(c). Let n be (-33)/4*(-4)/1. Calculate the greatest common divisor of n and w.
11
Suppose 69*a - 73*a - u = -606, -3*a - 4*u = -461. Calculate the greatest common divisor of 3 and a.
1
Suppose -6*m = 6*m. Suppose -5*g - o = -107, -5*g + o + 103 = -m*g. What is the highest common factor of g and 273?
21
Suppose -65*f + 4*p = -69*f + 204, -f + 5*p + 27 = 0. Calculate the greatest common factor of f and 17296.
47
Let x(y) = 80*y - 5371. Let d be x(72). What is the greatest common divisor of d and 19061?
389
Let i(q) = q**3 - 26*q**2 - 72*q - 30. Let y be i(29). What is the greatest common divisor of y and 945?
135
Let f = 40304 + -36768. Calculate the greatest common divisor of f and 119.
17
Let y be 63 - 73 - 2*-683. What is the highest common factor of y and 24?
12
Let y be 8*(-8)/(112/(-21)). Suppose 18 = -2*p + 5*a, -4*a + 22 + 23 = -5*p. Let f = p + y. What is the greatest common factor of 33 and f?
3
Suppose -396 = 3*k + 453. Let w = k - -398. Suppose 421 = 22*i - 85. What is the greatest common factor of i and w?
23
Let n be 1*((-385983)/(-19) - (-62)/589). What is the greatest common divisor of 85 and n?
85
Suppose -5*z - 5 = 5*p, -p = 3*p. Let i be (z + 5)*114/24. Let g = -31 - -107. Calculate the greatest common factor of g and i.
19
Let i = 1550 - 1458. Suppose -2*q + 31 - 7 = 0. Let o be (92/q)/((-1)/(-3)). Calculate the greatest common factor of i and o.
23
Let x(l) = 3*l**2 + 9*l + 21. Let s be x(-5). Let u = s - -25. Suppose j + 3*j = u. Calculate the greatest common divisor of j and 133.
19
Let o be (-21)/14*((-14)/6 + 1). Let i(j) = 16*j**3 - 2*j**2 - 4*j - 4. Let x be i(o). Calculate the highest common factor of x and 27.
27
Let c = -1745 + 1847. What is the highest common divisor of 3774 and c?
102
Suppose 269 = 9*u - 919. Let s be u/99 + (-146)/(-3). Let j = -649 - -1049. Calculate the greatest common factor of j and s.
50
Let u(h) = 10*h - 77. Let v(m) = 2*m. Let o(l) = u(l) - 2*v(l). Let n be o(27). Calculate the highest common divisor of 5 and n.
5
Suppose 176 - 8 = 14*x. Suppose -9*i + 966 = x*i. What is the highest common divisor of i and 368?
46
Let r = 445 + 962. Calculate the highest common divisor of 42 and r.
21
Suppose -7*h + 2*h + 765 = 0. Suppose 0 = -3*q + 5*m + 209 - 152, 0 = -2*q - 2*m + 6. Calculate the greatest common divisor of q and h.
9
Let i be (2 + -1)/(11/957*-5)*-5. Suppose -2*v = -17 - 99. What is the greatest common factor of v and i?
29
Suppose -5*a + 40 = -25*n + 20*n, -a - 1 = -4*n. Suppose g + 187 = 2*g. What is the highest common divisor of a and g?
11
Let h(z) = -6*z**3 + 3 - 4*z**3 - 2 + 4*z + 3*z**2. Let t = 759 - 762. Let f be h(t). What is the greatest common divisor of f and 26?
26
Suppose -2*t - p + 66 = -0*t, p + 2 = 0. Let y be 3 - (-2 + -133)/3. Let a = y - t. Calculate the highest common factor of a and 84.
14
Let l(x) = x**2 - 53*x - 2036. Let v be l(-26). Calculate the highest common factor of 507 and v.
3
Let q(j) = -2*j**3 - 8*j**2 - 15*j - 18. Let g be q(-5). Suppose -184 = -l - 2*a, -629 = -4*l + 5*a + g. What is